and 92?
23
Suppose -4*j + 5 = j + 5*m, -5*j - 2*m - 1 = 0. Let n be (10 - 12) + (j - -300). Let u = n + -209. Calculate the greatest common divisor of u and 8.
8
Let w(s) = -5*s - 47. Let q be w(-13). Suppose -3*f - q = -5*h, -20 = -11*h + 9*h - 2*f. What is the greatest common divisor of 3 and h?
3
Suppose -2*q + 7*q = -5*j - 6130, -3*q = -4*j + 3664. Let h = -825 - q. Calculate the greatest common factor of h and 21.
21
Let u be (-2219 + 2213)*((-4)/18 - (-138)/(-27)). Let c(l) = 139*l - 1. Let i be c(3). Calculate the highest common divisor of u and i.
32
Let r(m) = -30*m**3 + 2*m**2 + 4*m - 3. Let z be r(-2). Suppose 5*d = 2*c - z, -d + 513 = 4*c + 72. Calculate the highest common factor of c and 148.
37
Let z be -1 - -2*2*21/14. Suppose -8*a + 290 = -3*a - 4*m, 273 = 4*a + z*m. Calculate the greatest common factor of a and 217.
31
Let y(m) = m + 11. Let v be y(-9). Let j be (-15 - v/(-1))/(6/(-6)). Calculate the greatest common factor of 52 and j.
13
Suppose -u + r = 6*r - 129, 4*r = 4*u - 588. Suppose 0 = 2*x + 2*o - 64, -2*x + 22*o + 56 = 26*o. What is the greatest common factor of u and x?
36
Let h(q) = -700*q - 3735. Let n be h(-7). What is the greatest common divisor of n and 10?
5
Let a be (-12 + 13)/(2/6). Suppose -a*h + 21 = 3*s - 9, 0 = -2*h - 5*s + 11. What is the greatest common divisor of h and 13?
13
Suppose 122*n - 45*n - 1219 = 1553. Calculate the highest common divisor of n and 84.
12
Let f = 133 - 131. Suppose -2*i - 98 = -2*w, w - 16 = f*i + 35. What is the greatest common factor of w and 47?
47
Let a be 0 + 1 - 38/2. Let u = -13 - a. Let b be (-10)/8*(-720)/180. What is the highest common divisor of u and b?
5
Let v = 50576 + -37069. What is the greatest common divisor of 13 and v?
13
Suppose 10*h = -2*o + 5*h, o = -4*h - 3. Suppose 0 = o*a + 4*i - 10, 4*a - 8 = 14*i - 12*i. What is the highest common factor of 8 and a?
2
Let p be ((-4)/10 + 2)*5. Suppose -5*s + m - 782 = 0, -s + 3*m - 55 = 107. Let b = -154 - s. What is the highest common divisor of b and p?
2
Suppose -3*t + h = -1 + 3, -12 = 4*t + h. Let r be 2/(-1) - 1 - t. Let n = 22 + r. Calculate the highest common divisor of 21 and n.
21
Suppose 156 = 3*k + 289*z - 292*z, -3*k + 2*z + 164 = 0. What is the highest common factor of k and 1164?
12
Suppose 5*s - 60 = -5*i, -3*s - 4*i + 8 + 32 = 0. Suppose -s = -4*q + 8. Suppose q*m = 12, -5*m + 95 = 4*o - 40. What is the greatest common divisor of o and 6?
6
Let w be 8 + -3 - (5 + 5) - 246. Let f = w - -411. What is the highest common divisor of 10 and f?
10
Suppose -24*z + 502 = -12026. What is the highest common divisor of z and 1856?
58
Suppose 8 = u - 14. Let q(c) = -19*c - 46. Suppose 75 = -26*d - 3. Let z be q(d). What is the highest common divisor of u and z?
11
Let o be (-20)/60 + 798/18. Calculate the highest common divisor of 583 and o.
11
Let d(m) = -m**3 + 4*m**2 + 10*m - 12. Let k be d(3). Calculate the greatest common factor of k and 255.
3
Let l = -226 - -316. Let p = -21802 + 21822. Calculate the highest common divisor of p and l.
10
Let y be ((-2)/(-9))/(-6*8/(-432)). Suppose 0 = -2*a + 5*h + 54, 3*a + y*h = h + 47. Calculate the greatest common divisor of a and 68.
17
Let y be (-17 - 31)*9/(135/(-40)). What is the greatest common divisor of y and 5312?
64
Suppose -28*c = -22 + 162. Let j be ((-6)/2 + (-378)/42)*c. Calculate the highest common divisor of 444 and j.
12
Suppose 0 = -0*m - 3*m + 6. Suppose v - 26 = 2*t + 5, -m*t + 27 = v. Suppose -v + 1 = -l. Calculate the greatest common divisor of 4 and l.
4
Let t(s) = -42*s - 1335. Let w be t(-35). What is the greatest common divisor of 81 and w?
27
Let i be 411/21 - (-20)/(-35). Suppose f - i - 5 = 0. Suppose 4*v + 5*u - f - 275 = 0, -5*u - 157 = -2*v. Calculate the highest common divisor of 38 and v.
38
Let w be ((-279)/(-21) - 14) + (-4)/14. Let a be (-11792)/(-670) + w/((-10)/4). Calculate the greatest common factor of a and 2.
2
Let p be (-208 - 26)*(-2)/9. Calculate the greatest common divisor of p and 90.
2
Let p be (-6 - 22)*(-3)/(24/250). Let b = 879 - p. What is the highest common factor of b and 6?
2
Let q(b) = b**3 + 5*b**2 + 3*b + 4. Let a be q(-3). Suppose -161 - 411 = a*i. Let o = i + 59. Calculate the greatest common divisor of 15 and o.
15
Suppose -136*j + 12040 = -218*j + 254*j. Calculate the highest common factor of j and 7322.
14
Let w(q) = -57*q + 5. Let n be w(-5). Suppose 2*j + 282 = 5*i, -4*i = -3*j - 48 - 172. What is the greatest common factor of i and n?
58
Let k(m) = 15*m**2 + 2. Let l be k(-3). Suppose 4*x - 29 = i, 3*i = 3*x + 41 - l. Let f = i + 79. Calculate the highest common factor of 2 and f.
2
Suppose -3*h - s = -1814, 8*s - 11*s - 1818 = -3*h. What is the greatest common factor of h and 2?
1
Let k(r) = -2*r**2 - 17*r - 19. Let w be k(-7). Let d be (w/(-10))/((-66)/165)*82. What is the greatest common divisor of 123 and d?
41
Suppose -3389 - 605 = -2*m + 3838. Calculate the greatest common divisor of m and 178.
178
Let j = 10592 + -9954. What is the highest common factor of j and 22?
22
Let x(y) = y**2 - 16*y - 22. Let d be x(17). Let f be ((-2)/d)/((-33)/(-1650)). Calculate the greatest common divisor of f and 120.
20
Suppose 0 = 19*b - 21*b + 14, 3*v = -3*b + 1842. What is the greatest common divisor of 5 and v?
1
Let i = 26601 + -26596. What is the highest common factor of i and 57?
1
Suppose -u + 0*s - 2*s + 12 = 0, -3*u + 27 = 3*s. Let w = 33048 - 32886. What is the greatest common factor of u and w?
6
Let n(c) = -22*c**2 + 510*c + 23. Let m be n(10). What is the highest common factor of 79 and m?
79
Let n(x) = 3*x + 12. Let f be n(10). Let u be (-12)/21 - (-528)/f. Calculate the greatest common factor of 16 and u.
4
Suppose -2*j = -5*a + 232, -233 = -5*a - 0*j + 3*j. Let x = 35148 - 34918. What is the greatest common divisor of x and a?
46
Let g be (3 - 2)/(320/(-400) + 234/280). Calculate the greatest common factor of 3346 and g.
14
Let m be -52*(-45)/10 - (6 - 3). Calculate the greatest common factor of 1001 and m.
77
Let b be (4*(-91)/(-28))/1. Let c = b + 0. What is the greatest common factor of 65 and c?
13
Let w(b) = -145*b - 6. Suppose 0 = -14*k - 12 - 30. Let c be w(k). Calculate the greatest common factor of c and 39.
39
Let c = -42652 - -42666. Let d = 31 + -21. What is the highest common factor of c and d?
2
Suppose 41 = 2*y - 85. Suppose y*h - 59*h - 20 = 0. What is the highest common factor of 5 and h?
5
Let b be ((-315)/6)/(-15)*(-32)/(-7). Suppose -78 = -3*c - i - b, 3*c - i - 64 = 0. Calculate the highest common divisor of 147 and c.
21
Let o = 1 + -7. Let q(h) = -2*h + 6. Let b be q(o). Suppose -5*j + 3*i + 2*i = -460, 456 = 5*j - 3*i. What is the greatest common factor of b and j?
18
Let c(p) be the second derivative of -p**5/20 - 13*p**4/6 - 6*p**3 - 83*p**2/2 + 16*p + 2. Let i be c(-25). What is the greatest common factor of 6 and i?
6
Let v = 2502 - 2385. Suppose 5*t + 4*c = 183, 2*t + 0*t + c - 75 = 0. What is the highest common divisor of v and t?
39
Suppose 0*x = -5*k - 3*x - 152, -3*x - 12 = 0. Let l(r) = r**2 + 29*r + 39. Let g be l(k). Calculate the greatest common factor of 352 and g.
11
Let b = -156 + 159. Let y be b - 54*6/(-9). Calculate the highest common divisor of y and 13.
13
Suppose 832*q = 149*q + 34107 + 4141. Let j be 1/(-2)*0 - -42. Calculate the highest common factor of q and j.
14
Let u(o) = 3*o - 2. Let x be u(3). Let q = -1453 - -1473. Let z be -176*(-10)/q - 11. What is the greatest common divisor of z and x?
7
Suppose -20956 - 410156 = -138*v. What is the highest common divisor of 44 and v?
44
Let u(a) = -7*a - 17. Let b be u(-4). Let p(i) = b*i**2 + 29 - 10*i**2 + 10*i - 14. Let g be p(-10). Calculate the highest common divisor of 3 and g.
3
Let z = 19 + 5. Let k be (z/42 - -2)/((-12)/(-56)). What is the greatest common divisor of 3 and k?
3
Suppose 0 = 3*z - 15, -4*z + 83 = -4*m + 3*m. Let u be ((-6)/4)/(m/(-168)) + 388. What is the highest common factor of u and 12?
12
Let s = -11656 + 11971. Suppose -4*f = -145 + 5. What is the highest common factor of s and f?
35
Suppose u + 30 = o, 3*o - 6*u + 10*u - 83 = 0. Calculate the highest common factor of o and 30479.
29
Let m(f) = 5*f - 1. Let l = -129 + 130. Let n be m(l). Suppose -182 = -n*r - 3*r. Calculate 